mon divisor of 230356 and 665.
133
Calculate the greatest common divisor of 752 and 10481.
47
What is the highest common divisor of 660 and 9372?
132
What is the highest common divisor of 791330 and 40?
10
What is the greatest common factor of 5155 and 31961?
1031
What is the highest common divisor of 268 and 16728426?
134
What is the greatest common divisor of 1371 and 18962301?
1371
Calculate the highest common factor of 2262 and 783.
87
Calculate the greatest common factor of 753 and 201.
3
Calculate the greatest common divisor of 1000 and 179125.
125
Calculate the greatest common divisor of 94044 and 204.
204
Calculate the highest common factor of 15428 and 513.
19
What is the highest common divisor of 21 and 77622?
3
What is the highest common divisor of 215 and 5327915?
215
Calculate the highest common factor of 252 and 1635732.
252
Calculate the highest common factor of 8360 and 7220.
380
What is the greatest common factor of 33408 and 232?
232
Calculate the highest common divisor of 484 and 6958468.
484
Calculate the highest common factor of 664 and 55444.
332
What is the highest common factor of 4432 and 38?
2
What is the greatest common factor of 99260 and 280?
140
What is the highest common divisor of 12246 and 2730?
78
What is the greatest common divisor of 216 and 272424?
24
What is the greatest common divisor of 2486 and 5126?
22
Calculate the highest common factor of 5873 and 231.
7
Calculate the greatest common divisor of 20 and 61730.
10
Calculate the greatest common divisor of 828368 and 736.
368
What is the highest common divisor of 249520 and 70?
10
Calculate the greatest common factor of 1484266 and 154.
14
What is the highest common factor of 44 and 11180?
4
What is the highest common factor of 220993 and 1338?
223
Calculate the greatest common factor of 8 and 74364.
4
What is the greatest common divisor of 20 and 137990?
10
Calculate the highest common divisor of 7330 and 10.
10
Calculate the highest common divisor of 34060 and 15340.
260
Calculate the greatest common divisor of 416 and 82446.
26
Calculate the greatest common divisor of 164 and 159941.
41
What is the highest common divisor of 3263 and 1506?
251
What is the highest common divisor of 3 and 36831?
3
Calculate the greatest common factor of 161 and 35765.
23
Calculate the highest common divisor of 2093 and 76531.
91
What is the greatest common factor of 458106 and 5679?
1893
Calculate the highest common divisor of 103 and 1593.
1
What is the highest common factor of 15824 and 2365?
43
Calculate the greatest common factor of 91 and 767.
13
Calculate the greatest common factor of 1393098 and 2296.
574
Calculate the greatest common divisor of 6886 and 434444.
626
Calculate the greatest common divisor of 498484 and 1596.
532
What is the highest common divisor of 203 and 168229?
29
Calculate the highest common divisor of 1340601 and 345.
69
Calculate the greatest common divisor of 366744 and 38232.
1416
What is the highest common divisor of 33 and 154759?
11
What is the greatest common factor of 92 and 12581?
23
Calculate the greatest common divisor of 4958 and 10586.
134
What is the highest common divisor of 2601 and 360?
9
What is the highest common factor of 7132 and 16?
4
Calculate the greatest common divisor of 194 and 179353.
97
What is the highest common divisor of 52075 and 50?
25
What is the greatest common factor of 1768 and 71656?
104
What is the greatest common divisor of 238 and 236266?
34
What is the greatest common factor of 176 and 11640992?
176
Calculate the greatest common factor of 4403608 and 22.
22
What is the greatest common divisor of 6944 and 7781?
31
What is the greatest common divisor of 121073 and 41?
41
Calculate the greatest common divisor of 64 and 2115952.
16
What is the greatest common divisor of 4160 and 11920?
80
Calculate the highest common divisor of 645 and 9783.
3
Calculate the greatest common factor of 91854 and 27.
27
Calculate the highest common divisor of 301134 and 372.
186
What is the greatest common factor of 752 and 15886?
94
Calculate the highest common factor of 2768 and 10672.
16
Calculate the greatest common factor of 15370 and 9010.
530
What is the highest common factor of 64 and 495632?
16
What is the highest common divisor of 375 and 3225?
75
What is the greatest common divisor of 182834 and 1356?
226
What is the highest common factor of 225 and 2542815?
45
Calculate the greatest common factor of 4633 and 615.
41
Calculate the greatest common factor of 588 and 21819.
21
Calculate the greatest common factor of 616670 and 30.
10
What is the highest common factor of 1062 and 25842?
354
Calculate the highest common factor of 1075 and 225879.
43
Calculate the greatest common factor of 12795 and 105.
15
Calculate the greatest common factor of 54 and 14550.
6
What is the highest common factor of 2024 and 131736?
88
What is the greatest common divisor of 9351 and 351?
9
Calculate the highest common divisor of 410180 and 140.
20
Calculate the highest common divisor of 586 and 1112521.
293
What is the highest common divisor of 2224596 and 22?
22
Calculate the greatest common factor of 12348 and 72.
36
Calculate the greatest common factor of 189 and 59283.
63
Calculate the highest common divisor of 4241696 and 82.
82
What is the highest common divisor of 418361 and 6129?
227
What is the highest common factor of 34743 and 2504?
313
What is the highest common factor of 180 and 25180?
20
Calculate the highest common factor of 576 and 30384.
144
Calculate the highest common divisor of 527404 and 869.
79
What is the greatest common divisor of 110220 and 759?
33
What is the greatest common divisor of 44 and 210836?
4
What is the greatest common divisor of 1015 and 49?
7
What is the greatest common divisor of 103416 and 312?
24
What is the highest common factor of 180 and 33246?
18
Calculate the greatest common divisor of 85 and 6525535.
85
Calculate the highest common factor of 706 and 321583.
353
What is the highest common divisor of 18464 and 79049?
577
Calculate the greatest common factor of 12660 and 1230.
30
Calculate the highest common factor of 127351 and 678.
113
Calculate the greatest common divisor of 204 and 541110.
102
What is the greatest common factor of 1425 and 4047?
57
Calculate the highest common divisor of 99 and 69828.
33
Calculate the greatest common factor of 70410 and 153.
3
Calculate the highest common factor of 763 and 173419.
109
Calculate the greatest common factor of 49445 and 2170.
155
Calculate the greatest common factor of 27 and 84393.
9
Calculate the highest common divisor of 1118 and 50482.
86
What is the highest common divisor of 13920 and 60000?
480
Calculate the highest common factor of 796 and 68.
4
What is the highest common divisor of 10336 and 4112?
16
Calculate the greatest common factor of 113 and 10130450.
113
Calculate the highest common divisor of 3490 and 470.
10
Calculate the greatest common factor of 362634 and 228.
114
Calculate the greatest common divisor of 267 and 26625.
3
Calculate the highest common divisor of 15048 and 22352.
88
What is the greatest common factor of 104 and 2199860?
52
Calculate the greatest common factor of 625 and 260.
5
Calculate the greatest common factor of 2045 and 475667.
409
What is the greatest common factor of 168 and 39360?
24
Calculate the highest common factor of 804356 and 84.
28
What is the greatest common divisor of 2611 and 399?
7
What is the greatest common divisor of 31341 and 744?
93
Calculate the highest common divisor of 7435 and 35.
5
Calculate the highest common factor of 59327 and 82.
41
Calculate the highest common divisor of 54875 and 675.
25
Calculate the highest common factor of 44 and 828278.
22
What is the greatest common divisor of 1000522 and 354?
118
What is the highest common divisor of 1217583 and 531?
531
Calculate the greatest common factor of 2451 and 896249.
817
Calculate the greatest common divisor of 13525 and 50.
25
What is the greatest common factor of 2661 and 139259?
887
Calculate the greatest common divisor of 380 and 31580.
20
Calculate the greatest common divisor of 19769 and 1119.
373
Calculate the greatest common divisor of 13516 and 3488.
436
What is the highest common factor of 16164 and 408?
12
Calc